{"id":3,"date":"2023-11-10T09:43:30","date_gmt":"2023-11-10T09:43:30","guid":{"rendered":"http:\/\/keilakk.eu\/e-pood\/?page_id=3"},"modified":"2024-12-02T11:05:39","modified_gmt":"2024-12-02T11:05:39","slug":"privaatsuspoliitika","status":"publish","type":"page","link":"https:\/\/keilakk.eu\/e-pood\/privaatsuspoliitika\/","title":{"rendered":"Privaatsuspoliitika"},"content":{"rendered":"<p style=\"font-weight: 400;\"><strong>Privaatsuspoliitika<\/strong><\/p>\n<p style=\"font-weight: 400;\"><strong>\u00a0<\/strong><\/p>\n<p style=\"font-weight: 400;\">Veebipoe keilakk.eu\/e-pood\/ isikuandmete vastutav t\u00f6\u00f6tleja on Shuuter O\u00dc<\/p>\n<p style=\"font-weight: 400;\">(edaspidi M\u00fc\u00fcja) (registrikood 17103394), asukohaga Harju maakond, Keila linn.<\/p>\n<p style=\"font-weight: 400;\">Andmesubjekt on iga isik, kes teostab tellimuse Veebipoes v\u00f5i k\u00fclastab Veebipoodi (edaspidi nimetatud klient).<\/p>\n<p style=\"font-weight: 400;\"><strong>Milliseid isikuandmeid t\u00f6\u00f6deldakse<\/strong><\/p>\n<ul>\n<li style=\"font-weight: 400;\">nimi, telefoninumber ja e-posti aadress;<\/li>\n<li style=\"font-weight: 400;\">pakiautomaadi asukoht;<\/li>\n<li style=\"font-weight: 400;\">pangakonto number;<\/li>\n<li style=\"font-weight: 400;\">toodete ja teenuste maksumus ja maksetega seotud andmed (ostuajalugu);<\/li>\n<li style=\"font-weight: 400;\">klienditoe andmed<\/li>\n<li style=\"font-weight: 400;\">IP aadress<\/li>\n<\/ul>\n<p style=\"font-weight: 400;\"><strong>\u00a0<\/strong><\/p>\n<p style=\"font-weight: 400;\"><strong>Mis eesm\u00e4rgil isikuandmeid t\u00f6\u00f6deldakse<\/strong><\/p>\n<p style=\"font-weight: 400;\">Isikuandmeid kasutatakse kliendi tellimuste haldamiseks ja toodete kohaletoimetamiseks.<\/p>\n<p style=\"font-weight: 400;\">Ostuajaloo andmeid (ostu kuup\u00e4ev, tooted, kogus, kliendi andmed) kasutatakse tellitud toodete ja teenuste \u00fclevaate koostamiseks, kliendieelistuste anal\u00fc\u00fcsimiseks ning mh tarbijavaidluste lahendamise eesm\u00e4rgil.<\/p>\n<p style=\"font-weight: 400;\">Pangakonto numbrit kasutatakse kliendile maksete tagastamiseks.<\/p>\n<p style=\"font-weight: 400;\">Isikuandmeid nagu e-post, telefoni nr, kliendi nimi, t\u00f6\u00f6deldakse selleks, et lahendada toodete ja teenuste osutamise seonduvaid k\u00fcsimusi (klienditugi). E-posti kasutatakse lisaks arvete saatmiseks ning telefoni nr kasutatakse pakiautomaati j\u00f5udnud toote teavitamiseks.<\/p>\n<p style=\"font-weight: 400;\">Veebipoe kasutaja IP-aadressi v\u00f5i teisi v\u00f5rguidentifikaatoreid t\u00f6\u00f6deldakse Veebipoe kui info\u00fchiskonna teenuse osutamiseks ning veebikasutusstatistika tegemiseks.<\/p>\n<p style=\"font-weight: 400;\"><strong>\u00d5iguslik alus<\/strong><\/p>\n<p style=\"font-weight: 400;\">Isikuandmete t\u00f6\u00f6tlemine toimub kliendiga s\u00f5lmitud lepingu t\u00e4itmise eesm\u00e4rgil (kliendi tellimuste haldamine, kohaletoimetamine, toodete ja maksete tagastamine).<\/p>\n<p style=\"font-weight: 400;\">Isikuandmete t\u00f6\u00f6tlemine toimub seadusj\u00e4rgse kohustuse t\u00e4itmiseks (nt raamatupidamine).<\/p>\n<p style=\"font-weight: 400;\"><strong>\u00a0<\/strong><\/p>\n<p style=\"font-weight: 400;\"><strong>\u00a0<\/strong><\/p>\n<p style=\"font-weight: 400;\"><strong>\u00a0<\/strong><\/p>\n<p style=\"font-weight: 400;\"><strong>Vastuv\u00f5tjad, kellele isikuandmed edastatakse<\/strong><\/p>\n<p style=\"font-weight: 400;\">Isikuandmed edastatakse Veebipoe klienditoele tellimuste ja ostuajaloo haldamiseks ja kliendiprobleemide lahendamiseks.<\/p>\n<p style=\"font-weight: 400;\">Nimi ja telefoninumber edastatakse kliendi poolt valitud transporditeenuse pakkujale.<\/p>\n<p style=\"font-weight: 400;\">Kui Veebipoe raamatupidamine toimub teenusepakkuja poolt, siis edastatakse isikuandmed teenusepakkujale raamatupidamistoimingute tegemiseks.<\/p>\n<p style=\"font-weight: 400;\">Isikuandmeid v\u00f5idakse edastada infotehnoloogia teenuste pakkujatele, kui see on vajalik Veebipoe funktsionaalsuse v\u00f5i andmemajutuse tagamiseks.<\/p>\n<p style=\"font-weight: 400;\"><strong>\u00a0<\/strong><\/p>\n<p style=\"font-weight: 400;\"><strong>Turvalisus ja andmetele ligip\u00e4\u00e4s<\/strong><\/p>\n<p style=\"font-weight: 400;\">Isikuandmeid hoitakse serverites, mis asuvad Euroopa Liidu liikmesriigi v\u00f5i Euroopa Liidu majanduspiirkonnaga liitunud riikide territooriumil.<\/p>\n<p style=\"font-weight: 400;\">Juurdep\u00e4\u00e4s isikuandmetele on Veebipoe t\u00f6\u00f6tajatel, kes saavad isikuandmetega tutvuda selleks, et lahendada Veebipoe kasutamisega seonduvaid tehnilisi k\u00fcsimusi ning osutada klienditoe teenust.<\/p>\n<p style=\"font-weight: 400;\">Veebipood rakendab asjakohaseid f\u00fc\u00fcsilisi, organisatsioonilisi ja infotehnilisi turvameetmeid, et kaitsta isikuandmeid juhusliku v\u00f5i ebaseadusliku h\u00e4vitamise, kaotsimineku, muutmise v\u00f5i loata juurdep\u00e4\u00e4su ja avalikustamise eest.<\/p>\n<p style=\"font-weight: 400;\"><strong>Isikuandmetega tutvumine ja parandamine<\/strong><\/p>\n<p style=\"font-weight: 400;\">Isikuandmetega saab tutvuda ja teha parandusi veebipoe kasutajaprofiilis v\u00f5i klienditoe vahendusel. Kui tellimus on sooritatud ilma kasutajakontota, siis saab tutvuda isikuandmetega klienditoe vahendusel. Kui isikuandmetega tutvumise taotlus on esitatud elektrooniliselt, esitatakse ka teave \u00fcldkasutatavate elektrooniliste vahendite kaudu.<\/p>\n<p style=\"font-weight: 400;\"><strong>\u00a0<\/strong><\/p>\n<p style=\"font-weight: 400;\"><strong>N\u00f5usoleku tagasiv\u00f5tmine<\/strong><\/p>\n<p style=\"font-weight: 400;\">Kui isikundmete t\u00f6\u00f6tlemine toimub kliendi n\u00f5usoleku alusel, siis on kliendil \u00f5igus n\u00f5usolek tagasi v\u00f5tta kliendikonto seadete all v\u00f5i teavitades sellest kliendituge e-posti teel.<\/p>\n<p style=\"font-weight: 400;\"><strong>S\u00e4ilitamine<\/strong><\/p>\n<p style=\"font-weight: 400;\">Veebipoe kliendikonto sulgemisel kustutatakse isikuandmed, va isikuandmed (ostuajaloo andmed), mida on vaja s\u00e4ilitada raamatupidamise jaoks v\u00f5i tarbijavaidluste lahendamiseks.<\/p>\n<p style=\"font-weight: 400;\">Maksetega ja tarbijavaidlustega seotud vaidluste korral s\u00e4ilitatakse isikuandmed kuni n\u00f5ude t\u00e4itmiseni v\u00f5i aegumist\u00e4htaja l\u00f5puni.<\/p>\n<p style=\"font-weight: 400;\">Raamatupidamise algdokumentides sisalduvaid isikuandmeid s\u00e4ilitatakse seitse aastat.<\/p>\n<p style=\"font-weight: 400;\"><strong>Piiramine<\/strong><\/p>\n<p style=\"font-weight: 400;\">Kliendil on \u00f5igus taotleda oma isikuandmete t\u00f6\u00f6tlemise piiramist, kui andmed on eba\u00f5iged v\u00f5i pole t\u00e4ielikud v\u00f5i kui tema isikuandmeid t\u00f6\u00f6deldakse ebaseaduslikult.<\/p>\n<p style=\"font-weight: 400;\"><strong>\u00a0<\/strong><\/p>\n<p style=\"font-weight: 400;\"><strong>Vastuv\u00e4ited<\/strong><\/p>\n<p style=\"font-weight: 400;\">Kliendil on \u00f5igus esitada vastuv\u00e4iteid seoses tema isikuandmete t\u00f6\u00f6tlemisega, kui tal on alust arvata, et tema isikuandmete t\u00f6\u00f6tlemiseks puudub seaduslik alus.<\/p>\n<p style=\"font-weight: 400;\"><strong>Kustutamine<\/strong><\/p>\n<p style=\"font-weight: 400;\">Isikuandmete kustutamiseks tuleb v\u00f5tta \u00fchendust klienditoega e-posti teel. Kustutamistaotlusele vastatakse mitte hiljem kui \u00fche kuu jooksul ning t\u00e4psustakse andmete kustutamise perioodi. Vastuses taotlusele tuuakse ka v\u00e4lja need isikuandmed, mida ei kustuta ning millisel \u00f5iguslikul alusel ja p\u00f5hjusel.<\/p>\n<p style=\"font-weight: 400;\"><strong>K\u00fcpsised ja muud veebitehnoloogiad <\/strong><\/p>\n<p style=\"font-weight: 400;\">V\u00f5ime koguda www.pood.keilakk.eu kliendi kohta andmeid kasutades selleks K\u00fcpsiseid (s.o v\u00e4iksed infokillud, mis talletatakse kliendi brauseri poolt kliendi arvuti v\u00f5i muu seadme k\u00f5vakettale) v\u00f5i muid sarnaseid tehnoloogiaid ning neid andmeid (nt IP-aadress, seadmeinfo, asukohateave) t\u00f6\u00f6delda.<\/p>\n<p style=\"font-weight: 400;\">Kasutame kogutavaid andmeid, et v\u00f5imaldada teenuse tarbimist vastavalt kliendi harjumustele; kindlustada parim teenuse kvaliteet; informeerida klienti sisust ja teha soovitusi; muuta reklaamid asjakohasemaks ja t\u00f5hustada turunduspingutused; h\u00f5lbustada sisselogimist ja andmete kaitsmist. Kogutud andmeid kasutatakse ka klientide loendamiseks ning nende kasutusharjumuste fikseerimiseks.<\/p>\n<p style=\"font-weight: 400;\">Kasutame sessiooni- ja p\u00fcsik\u00fcpsiseid. Sessioonik\u00fcpsis kustutatakse automaatselt p\u00e4rast igat k\u00fclastust; p\u00fcsik\u00fcpsiseid j\u00e4\u00e4vad alles Veebipoe korduval kasutamisel.<\/p>\n<p style=\"font-weight: 400;\">Veebipoes v\u00f5ib olla kolmandate osapoolte K\u00fcpsiseid, mille osas on vastutavaks t\u00f6\u00f6tlejaks meie koost\u00f6\u00f6partnerid.<\/p>\n<p style=\"font-weight: 400;\">Kasutame j\u00e4rgmist liiki K\u00fcpsiseid:<\/p>\n<p style=\"font-weight: 400;\"><strong>Vajalikud K\u00fcpsised<\/strong> \u2013 on vajalikud kasutada \u2013 lehel ringi liikuda ja selle funktsioone kasutada, sh v\u00f5imaldavad vajalikud K\u00fcpsised sisselogimist, erinevaid olulisi funktsioone, eristada bot\u2019e inimestes ja tagada muid turvafunktsioone. Ilma nende K\u00fcpsisteta ei saa veebileht korralikult toimida ja teenuse osutamine v\u00f5ib olla takistatud. Kuna vajalikud K\u00fcpsised on www.pood.keilakk.eu lehek\u00fclje toimimiseks v\u00e4ltimatult vajalikud, siis on need K\u00fcpsised alati sissel\u00fclitatud.<\/p>\n<p style=\"font-weight: 400;\"><strong>Eelistuste K\u00fcpsised<\/strong> \u2013 need k\u00fcpsised v\u00f5imaldavad j\u00e4tta meelde kliendi tehtud valikuid ja tunnuseid (n\u00e4iteks kasutajanimi, keel v\u00f5i kasutaja asukohariik), et pakkuda personaalsemaid ja mugavamaid v\u00f5imalusi www.pood.keilakk.eu lehek\u00fclje kasutamiseks. Salvestatavad andmed olenevad konkreetsest k\u00fcpsisest. \u00dcldjuhul kogutakse seadme tehnilisi andmeid ja salvestatakse kliendi tehtud valikuid ja tunnuseid (nt kasutajanimi, keel, asukohariik).<\/p>\n<p style=\"font-weight: 400;\"><strong>Funktsionaalsed\/statistika\/anal\u00fc\u00fctika K\u00fcpsised<\/strong> \u2013 on K\u00fcpsised, mis koguvad teavet selle kohta, kuidas kliendid www.pood.keilakk.eu lehek\u00fclge kasutavad, n\u00e4iteks milliseid alamlehti k\u00f5ige sagedamini k\u00fclastatakse ja mis veateateid esines. Need k\u00fcpsised ei kogu \u00fcldjuhul teavet, mis isiku tuvastab. Neid kasutatakse veebilehe toimimise ja teenuse pakkumise parandamiseks.<\/p>\n<p style=\"font-weight: 400;\"><strong>Turundus ja isikup\u00e4rastatud anal\u00fc\u00fctika K\u00fcpsised<\/strong> \u2013 K\u00fcpsised, mida kasutatakse turundustegevuste optimeerimiseks ja\/ v\u00f5i isikup\u00e4rastatud reklaami kuvamiseks. Need K\u00fcpsised v\u00f5ivad olla ka kolmanda osapoole K\u00fcpsised.<\/p>\n<p style=\"font-weight: 400;\">K\u00fcpsiste osas n\u00f5ustuvad kliendid nende kasutamisega www.pood.keilakk.eu lehek\u00fcljel. T\u00f6\u00f6tluse aluseks on kliendi n\u00f5usolek. Ilma K\u00fcpsiseid lubamata ei pruugi veebilehe k\u00f5ik funktsioonid kliendile saadaval olla. K\u00fcpsiste ja muude sarnaste tehnoloogiate lubamine v\u00f5i keelamine on kliendi kontrolli all l\u00e4bi enda veebibrauseri s\u00e4tete ja www.pood.keilakk.eu lehek\u00fclje K\u00fcpsiste lahenduse kaudu. Andmesubjekt saab K\u00fcpsiseid liikide kaupa sisse ja v\u00e4lja l\u00fclitada (v.a vajalikud k\u00fcpsised, mis on automaatselt sees).<\/p>\n<p style=\"font-weight: 400;\">T\u00e4psem teave K\u00fcpsiste kohta ja muude sarnaste tehnoloogiate kasutamise kohta on leitav www.pood.keilakk.eu lehek\u00fclje vastava K\u00fcpsiste lahenduse kaudu.<\/p>\n<p style=\"font-weight: 400;\"><strong>\u00a0<\/strong><\/p>\n<p style=\"font-weight: 400;\"><strong>Vaidluste lahendamine<\/strong><\/p>\n<p style=\"font-weight: 400;\">Isikuandmete t\u00f6\u00f6tlemisega seotud vaidluste lahendamine toimub klienditoe vahendusel (admin@keilakk.eu). J\u00e4relevalveasutus on Eesti Andmekaitse Inspektsioon (info@aki.ee)<\/p>\n<p style=\"font-weight: 400;\"><strong>L\u00f5pps\u00e4tted<\/strong><\/p>\n<p style=\"font-weight: 400;\">K\u00e4esolevad andmekaitsetingimused on koostatud koosk\u00f5las Euroopa Parlamendi ja n\u00f5ukogu m\u00e4\u00e4rusega (EL) nr 2016\/679 f\u00fc\u00fcsiliste isikute kaitse kohta isikuandmete t\u00f6\u00f6tlemisel ja selliste andmete vaba liikumise ning direktiivi 95\/46 \/ E\u00dc kehtetuks tunnistamise kohta \/ E\u00dc (isikuandmete kaitse \u00fcldm\u00e4\u00e4rus), Eesti Vabariigi isikuandmete kaitse seadusega ning Eesti Vabariigi ja Euroopa Liidu \u00f5igusaktidega.<\/p>\n<p style=\"font-weight: 400;\">Vastutaval t\u00f6\u00f6tlejal on \u00f5igus andmekaitsetingimusi osaliselt v\u00f5i t\u00e4ielikult muuta, teavitades andmesubjekte muudatustest kodulehe keilakk.eu\/e-pood kaudu.<\/p>\n<p style=\"font-weight: 400;\">Privaatsuspoliitika viimased muudatused ja kehtima hakkamine: 08.12.2023<\/p>\n<p style=\"font-weight: 400;\">\n","protected":false},"excerpt":{"rendered":"<p>Privaatsuspoliitika \u00a0 Veebipoe keilakk.eu\/e-pood\/ isikuandmete vastutav t\u00f6\u00f6tleja on Shuuter O\u00dc (edaspidi M\u00fc\u00fcja) (registrikood 17103394), asukohaga Harju maakond, Keila linn. Andmesubjekt on iga isik, kes teostab tellimuse Veebipoes v\u00f5i k\u00fclastab Veebipoodi (edaspidi nimetatud klient). Milliseid isikuandmeid t\u00f6\u00f6deldakse nimi, telefoninumber ja e-posti aadress; pakiautomaadi asukoht; pangakonto number; toodete ja teenuste maksumus ja maksetega seotud andmed (ostuajalugu); klienditoe [&hellip;]<\/p>\n","protected":false},"author":1,"featured_media":0,"parent":0,"menu_order":0,"comment_status":"closed","ping_status":"closed","template":"","meta":{"site-sidebar-layout":"default","site-content-layout":"","ast-site-content-layout":"","site-content-style":"default","site-sidebar-style":"default","ast-global-header-display":"","ast-banner-title-visibility":"","ast-main-header-display":"","ast-hfb-above-header-display":"","ast-hfb-below-header-display":"","ast-hfb-mobile-header-display":"","site-post-title":"","ast-breadcrumbs-content":"","ast-featured-img":"","footer-sml-layout":"","theme-transparent-header-meta":"","adv-header-id-meta":"","stick-header-meta":"","header-above-stick-meta":"","header-main-stick-meta":"","header-below-stick-meta":"","astra-migrate-meta-layouts":"default","ast-page-background-enabled":"default","ast-page-background-meta":{"desktop":{"background-color":"var(--ast-global-color-4)","background-image":"","background-repeat":"repeat","background-position":"center center","background-size":"auto","background-attachment":"scroll","background-type":"","background-media":"","overlay-type":"","overlay-color":"","overlay-gradient":""},"tablet":{"background-color":"","background-image":"","background-repeat":"repeat","background-position":"center center","background-size":"auto","background-attachment":"scroll","background-type":"","background-media":"","overlay-type":"","overlay-color":"","overlay-gradient":""},"mobile":{"background-color":"","background-image":"","background-repeat":"repeat","background-position":"center center","background-size":"auto","background-attachment":"scroll","background-type":"","background-media":"","overlay-type":"","overlay-color":"","overlay-gradient":""}},"ast-content-background-meta":{"desktop":{"background-color":"var(--ast-global-color-5)","background-image":"","background-repeat":"repeat","background-position":"center center","background-size":"auto","background-attachment":"scroll","background-type":"","background-media":"","overlay-type":"","overlay-color":"","overlay-gradient":""},"tablet":{"background-color":"var(--ast-global-color-5)","background-image":"","background-repeat":"repeat","background-position":"center center","background-size":"auto","background-attachment":"scroll","background-type":"","background-media":"","overlay-type":"","overlay-color":"","overlay-gradient":""},"mobile":{"background-color":"var(--ast-global-color-5)","background-image":"","background-repeat":"repeat","background-position":"center center","background-size":"auto","background-attachment":"scroll","background-type":"","background-media":"","overlay-type":"","overlay-color":"","overlay-gradient":""}},"footnotes":""},"class_list":["post-3","page","type-page","status-publish","hentry"],"_links":{"self":[{"href":"https:\/\/keilakk.eu\/e-pood\/wp-json\/wp\/v2\/pages\/3","targetHints":{"allow":["GET"]}}],"collection":[{"href":"https:\/\/keilakk.eu\/e-pood\/wp-json\/wp\/v2\/pages"}],"about":[{"href":"https:\/\/keilakk.eu\/e-pood\/wp-json\/wp\/v2\/types\/page"}],"author":[{"embeddable":true,"href":"https:\/\/keilakk.eu\/e-pood\/wp-json\/wp\/v2\/users\/1"}],"replies":[{"embeddable":true,"href":"https:\/\/keilakk.eu\/e-pood\/wp-json\/wp\/v2\/comments?post=3"}],"version-history":[{"count":5,"href":"https:\/\/keilakk.eu\/e-pood\/wp-json\/wp\/v2\/pages\/3\/revisions"}],"predecessor-version":[{"id":500,"href":"https:\/\/keilakk.eu\/e-pood\/wp-json\/wp\/v2\/pages\/3\/revisions\/500"}],"wp:attachment":[{"href":"https:\/\/keilakk.eu\/e-pood\/wp-json\/wp\/v2\/media?parent=3"}],"curies":[{"name":"wp","href":"https:\/\/api.w.org\/{rel}","templated":true}]}}